{"id":2043,"date":"2016-05-26T11:43:37","date_gmt":"2016-05-26T11:43:37","guid":{"rendered":"http:\/\/wp.magnium-themes.com\/thebuilt\/thebuilt-1\/?page_id=2043"},"modified":"2025-03-20T09:53:23","modified_gmt":"2025-03-20T08:53:23","slug":"lojtoit","status":"publish","type":"page","link":"https:\/\/aj-habitatjeunes.fr\/index.php\/lojtoit\/","title":{"rendered":"Lojtoit"},"content":{"rendered":"<p>[vc_row full_width=\u00a0\u00bbstretch_row\u00a0\u00bb][vc_column]<div class=\"mgt-header-block clearfix text-left text-black wpb_content_element  mgt-header-block-style-1 mgt-header-texttransform-subheader  vc_custom_1624445451473\"><h3 class=\"mgt-header-block-title\">Accompagner l'acc\u00e8s au logement des jeunes en mobilit\u00e9.<\/h3><p class=\"mgt-header-block-subtitle\">Loj'toit<\/p><div class=\"mgt-header-line\"><\/div><\/div>[vc_column_text]Lorsque vous avez besoin d\u2019un logement, LOJ\u2019To\u00eet Jeunes vous accompagne de mani\u00e8re personnalis\u00e9e, vous informe, vous oriente et permet l\u2019acc\u00e8s plus facile \u00e0 un logement adapt\u00e9 \u00e0 votre situation.<\/p>\n<p>LOJ\u2019To\u00eet Jeunes est un dispositif accessible partout en R\u00e9gion Grand Est visant \u00e0 faciliter l\u2019acc\u00e8s au logement.<\/p>\n<p>C\u2019est un r\u00e9seau de 24 structures avec un(e) r\u00e9f\u00e9rent(e) d\u00e9di\u00e9(e), qui vous aide dans vos recherches de logement, connait les aides auxquelles vous avez droit et participe \u00e0 la constitution des dossiers administratifs.<\/p>\n<p><strong>Retrouvez toutes les coordonn\u00e9es sur <a href=\"https:\/\/lojtoit.grandest.fr\/\">https:\/\/lojtoit.grandest.fr\/<\/a><\/strong><strong> ou contactez-nous par mail \u00e0 <\/strong><strong><a href=\"mailto:lojtoitjeunes@grandest.fr\">lojtoitjeunes@grandest.fr<\/a><\/strong><strong> \/\u00a0 <a href=\"mailto:lojtoit.meuse@gmail.com\">lojtoit.meuse@gmail.com<\/a> (en pr\u00e9cisant votre Nom, Pr\u00e9nom, Age et Ville).<\/strong><\/p>\n<p>Besoin d\u2019une aide financi\u00e8re ? Rendez-vous sur\u00a0<strong><u><a href=\"https:\/\/www.actionlogement.fr\/\">Action Logement<\/a><\/u><\/strong>.<br \/>\nBesoin d\u2019une caution ? Ayez le r\u00e9flexe\u00a0<strong><u><a href=\"https:\/\/www.visale.fr\/\">visale.fr<\/a><\/u><\/strong>, votre garant pour louer votre logement.<br \/>\nVous \u00eates en alternance ? D\u00e9couvrez \u00e0 quelles aides vous avez droit en faisant le\u00a0<strong><u><a href=\"https:\/\/alternant.actionlogement.fr\/\">test<\/a><\/u><\/strong>.[\/vc_column_text][vc_row_inner][vc_column_inner width=\u00a0\u00bb1\/3&Prime;]<div class=\"mgt-cta-block clearfix black-text without-text wpb_content_element\" data-style=\"background: #eeeeee url(https:\/\/aj-habitatjeunes.fr\/wp-content\/uploads\/2021\/06\/lojtoit.jpg) no-repeat;\"><div class=\"mgt-button-wrapper mgt-button-wrapper-align-right mgt-button-wrapper-display-newline mgt-button-top-margin-disable\"><a class=\"btn hvr-default mgt-button mgt-style-solid mgt-size-normal mgt-align-right mgt-display-newline mgt-text-size-normal mgt-button-icon-position-left mgt-text-transform-none \" href=\"https:\/\/aj-habitatjeunes.fr\/wp-content\/uploads\/2021\/06\/lojtoit.pdf\" target=\"_blank\">T\u00e9l\u00e9charger<\/a><\/div><h5 class=\"mgt-cta-block-header\"><\/h5><\/div>[\/vc_column_inner][vc_column_inner width=\u00a0\u00bb1\/3&Prime;]<div class=\"mgt-cta-block clearfix black-text without-text wpb_content_element\" data-style=\"background: #eeeeee url(https:\/\/aj-habitatjeunes.fr\/wp-content\/uploads\/2021\/06\/lojtoit_plaquette_lorraine.jpg) no-repeat;\"><div class=\"mgt-button-wrapper mgt-button-wrapper-align-right mgt-button-wrapper-display-newline mgt-button-top-margin-disable\"><a class=\"btn hvr-default mgt-button mgt-style-solid mgt-size-normal mgt-align-right mgt-display-newline mgt-text-size-normal mgt-button-icon-position-left mgt-text-transform-none \" href=\"https:\/\/aj-habitatjeunes.fr\/wp-content\/uploads\/2021\/06\/lojtoit_plaquette_lorraine.pdf\" target=\"_blank\">T\u00e9l\u00e9charger<\/a><\/div><h5 class=\"mgt-cta-block-header\"><\/h5><\/div>[\/vc_column_inner][vc_column_inner width=\u00a0\u00bb1\/3&Prime;]<div class=\"mgt-icon-box wpb_content_element mgt-icon-box-right mgt-icon-fa text-black \"><div class=\"mgt-icon-box-icon hvr-icon-push\"><div class=\"mgt-font-icon\"><i class=\"fa fa-map\"><\/i><\/div><\/div><div class=\"mgt-icon-box-content\"><h5>Contact<\/h5>Loj&rsquo;Toit en Meuse<br \/>\nAccueil des Jeunes<br \/>\n12 rue Antoine Durenne<br \/>\n55000 Bar le Duc<br \/>\n03.29.79.17.26<\/p>\n<p>06.20.03.76.17<\/div><div class=\"clearfix\"><\/div><\/div>[\/vc_column_inner][\/vc_row_inner][vc_separator css=\u00a0\u00bb.vc_custom_1624445861632{padding-bottom: 10px !important;}\u00a0\u00bb]<div class=\"mgt-header-block clearfix text-left text-black wpb_content_element  mgt-header-block-style-1 mgt-header-texttransform-subheader  vc_custom_1624446425220\"><h3 class=\"mgt-header-block-title\">Propri\u00e9taire ou \u00e0 la recherche d\u2019un logement, je souhaite \u00eatre contact\u00e9.<\/h3><p class=\"mgt-header-block-subtitle\">Loj'toit<\/p><div class=\"mgt-header-line\"><\/div><\/div>\n<div class=\"wpcf7 no-js\" id=\"wpcf7-f3122-o1\" lang=\"en-US\" dir=\"ltr\" data-wpcf7-id=\"3122\">\n<div class=\"screen-reader-response\"><p role=\"status\" aria-live=\"polite\" aria-atomic=\"true\"><\/p> <ul><\/ul><\/div>\n<form action=\"\/index.php\/wp-json\/wp\/v2\/pages\/2043#wpcf7-f3122-o1\" method=\"post\" class=\"wpcf7-form init\" aria-label=\"Contact form\" novalidate=\"novalidate\" data-status=\"init\">\n<fieldset class=\"hidden-fields-container\"><input type=\"hidden\" name=\"_wpcf7\" value=\"3122\" \/><input type=\"hidden\" name=\"_wpcf7_version\" value=\"6.1.3\" \/><input type=\"hidden\" name=\"_wpcf7_locale\" value=\"en_US\" \/><input type=\"hidden\" name=\"_wpcf7_unit_tag\" value=\"wpcf7-f3122-o1\" \/><input type=\"hidden\" name=\"_wpcf7_container_post\" value=\"0\" \/><input type=\"hidden\" name=\"_wpcf7_posted_data_hash\" value=\"\" \/><input type=\"hidden\" name=\"redirect_nonce\" value=\"fd02ab621f\" \/><input type=\"hidden\" name=\"wpcf7cfpdf_hidden_name\" value=\"document-pdf\" \/><input type=\"hidden\" name=\"wpcf7cfpdf_hidden_reference\" value=\"15a7eefa\" \/><input type=\"hidden\" name=\"wpcf7cfpdf_hidden_date\" value=\"04192026\" \/>\n<\/fieldset>\n<div class=\"row\">\n\t<div class=\"col-md-6\">\n\t\t<p>Votre nom\n\t\t<\/p>\n\t\t<p><span class=\"wpcf7-form-control-wrap\" data-name=\"your-name\"><input size=\"40\" maxlength=\"400\" class=\"wpcf7-form-control wpcf7-text wpcf7-validates-as-required\" aria-required=\"true\" aria-invalid=\"false\" value=\"\" type=\"text\" name=\"your-name\" \/><\/span>\n\t\t<\/p>\n\t\t<p>Votre pr\u00e9nom\n\t\t<\/p>\n\t\t<p><span class=\"wpcf7-form-control-wrap\" data-name=\"your-prenom\"><input size=\"40\" maxlength=\"400\" class=\"wpcf7-form-control wpcf7-text wpcf7-validates-as-required\" aria-required=\"true\" aria-invalid=\"false\" value=\"\" type=\"text\" name=\"your-prenom\" \/><\/span>\n\t\t<\/p>\n\t\t<p>Votre t\u00e9l\u00e9phone\n\t\t<\/p>\n\t\t<p><span class=\"wpcf7-form-control-wrap\" data-name=\"ContactPhone\"><input size=\"40\" maxlength=\"400\" class=\"wpcf7-form-control wpcf7-tel wpcf7-validates-as-required wpcf7-text wpcf7-validates-as-tel\" aria-required=\"true\" aria-invalid=\"false\" placeholder=\"06--------\" value=\"\" type=\"tel\" name=\"ContactPhone\" \/><\/span>\n\t\t<\/p>\n\t\t<p>Votre Email\n\t\t<\/p>\n\t\t<p><span class=\"wpcf7-form-control-wrap\" data-name=\"your-email\"><input size=\"40\" maxlength=\"400\" class=\"wpcf7-form-control wpcf7-email wpcf7-validates-as-required wpcf7-text wpcf7-validates-as-email\" aria-required=\"true\" aria-invalid=\"false\" value=\"\" type=\"email\" name=\"your-email\" \/><\/span>\n\t\t<\/p>\n\t<\/div>\n\t<div class=\"col-md-6\">\n\t\t<p>Propri\u00e9taire ou locataire:\n\t\t<\/p>\n\t\t<p><span class=\"wpcf7-form-control-wrap\" data-name=\"Country\"><select class=\"wpcf7-form-control wpcf7-select wpcf7-validates-as-required\" aria-required=\"true\" aria-invalid=\"false\" name=\"Country\"><option value=\"Choisir...\">Choisir...<\/option><option value=\"PROPRIETAIRE\">PROPRIETAIRE<\/option><option value=\"LOCATAIRE\">LOCATAIRE<\/option><\/select><\/span>\n\t\t<\/p>\n\t\t<p>Situation professionnelle (Si propri\u00e9taire)\n\t\t<\/p>\n\t\t<p><span class=\"wpcf7-form-control-wrap\" data-name=\"your-company\"><input size=\"40\" maxlength=\"400\" class=\"wpcf7-form-control wpcf7-text\" aria-invalid=\"false\" value=\"\" type=\"text\" name=\"your-company\" \/><\/span>\n\t\t<\/p>\n\t\t<p>Lieu recherch\u00e9 (Si propri\u00e9taire)\n\t\t<\/p>\n\t\t<p><span class=\"wpcf7-form-control-wrap\" data-name=\"your-lieu\"><input size=\"40\" maxlength=\"400\" class=\"wpcf7-form-control wpcf7-text\" aria-invalid=\"false\" value=\"\" type=\"text\" name=\"your-lieu\" \/><\/span>\n\t\t<\/p>\n\t<\/div>\n\t<div class=\"col-md-12\">\n\t\t<p>Message\n\t\t<\/p>\n\t\t<p><span class=\"wpcf7-form-control-wrap\" data-name=\"your-message\"><textarea cols=\"40\" rows=\"10\" maxlength=\"2000\" class=\"wpcf7-form-control wpcf7-textarea\" aria-invalid=\"false\" name=\"your-message\"><\/textarea><\/span><input class=\"wpcf7-form-control wpcf7-submit has-spinner\" type=\"submit\" value=\"Envoyer message\" \/>\n\t\t<\/p>\n\t<\/div>\n<\/div><p style=\"display: none !important;\" class=\"akismet-fields-container\" data-prefix=\"_wpcf7_ak_\"><label>&#916;<textarea name=\"_wpcf7_ak_hp_textarea\" cols=\"45\" rows=\"8\" maxlength=\"100\"><\/textarea><\/label><input type=\"hidden\" id=\"ak_js_1\" name=\"_wpcf7_ak_js\" value=\"238\"\/><script>document.getElementById( \"ak_js_1\" ).setAttribute( \"value\", ( new Date() ).getTime() );<\/script><\/p><div class=\"wpcf7-response-output\" aria-hidden=\"true\"><\/div>\n<\/form>\n<\/div>\n[\/vc_column][\/vc_row]<\/p>\n","protected":false},"excerpt":{"rendered":"<p>[vc_row full_width=\u00a0\u00bbstretch_row\u00a0\u00bb][vc_column][vc_column_text]Lorsque vous avez besoin d\u2019un logement, LOJ\u2019To\u00eet Jeunes vous accompagne de mani\u00e8re personnalis\u00e9e, vous informe, vous oriente et permet l\u2019acc\u00e8s plus facile \u00e0 un logement adapt\u00e9 \u00e0 votre situation&#8230;.<\/p>\n","protected":false},"author":1,"featured_media":0,"parent":0,"menu_order":0,"comment_status":"closed","ping_status":"closed","template":"","meta":{"footnotes":""},"class_list":["post-2043","page","type-page","status-publish","hentry"],"_links":{"self":[{"href":"https:\/\/aj-habitatjeunes.fr\/index.php\/wp-json\/wp\/v2\/pages\/2043","targetHints":{"allow":["GET"]}}],"collection":[{"href":"https:\/\/aj-habitatjeunes.fr\/index.php\/wp-json\/wp\/v2\/pages"}],"about":[{"href":"https:\/\/aj-habitatjeunes.fr\/index.php\/wp-json\/wp\/v2\/types\/page"}],"author":[{"embeddable":true,"href":"https:\/\/aj-habitatjeunes.fr\/index.php\/wp-json\/wp\/v2\/users\/1"}],"replies":[{"embeddable":true,"href":"https:\/\/aj-habitatjeunes.fr\/index.php\/wp-json\/wp\/v2\/comments?post=2043"}],"version-history":[{"count":21,"href":"https:\/\/aj-habitatjeunes.fr\/index.php\/wp-json\/wp\/v2\/pages\/2043\/revisions"}],"predecessor-version":[{"id":3677,"href":"https:\/\/aj-habitatjeunes.fr\/index.php\/wp-json\/wp\/v2\/pages\/2043\/revisions\/3677"}],"wp:attachment":[{"href":"https:\/\/aj-habitatjeunes.fr\/index.php\/wp-json\/wp\/v2\/media?parent=2043"}],"curies":[{"name":"wp","href":"https:\/\/api.w.org\/{rel}","templated":true}]}}