{"id":1428,"date":"2016-05-17T16:01:22","date_gmt":"2016-05-17T14:01:22","guid":{"rendered":"http:\/\/wp.magnium-themes.com\/thebuilt\/thebuilt-1\/?page_id=1428"},"modified":"2025-04-10T15:27:28","modified_gmt":"2025-04-10T13:27:28","slug":"restauration","status":"publish","type":"page","link":"https:\/\/aj-habitatjeunes.fr\/index.php\/restauration\/","title":{"rendered":"Restauration"},"content":{"rendered":"<p>[vc_row][vc_column]<div class=\"mgt-header-block clearfix text-left text-black wpb_content_element  mgt-header-block-style-1 mgt-header-texttransform-none \"><h2 class=\"mgt-header-block-title\">Une restauration de qualit\u00e9.<\/h2><div class=\"mgt-header-line\"><\/div><\/div>[\/vc_column][\/vc_row][vc_row css=\u00a0\u00bb.vc_custom_1463499713574{margin-bottom: 10px !important;}\u00a0\u00bb][vc_column width=\u00a0\u00bb1\/2&Prime;]<div class=\"mgt-promo-block white-text text-size-normal no-darken mgt-promo-block-74687184617 wpb_content_element\" data-style=\"background-color: #f5f5f5;background-image: url(https:\/\/aj-habitatjeunes.fr\/wp-content\/uploads\/2021\/06\/buffet-974742_960_720.jpg);background-repeat: repeat;width: 100%; height: 250px;\"><div class=\"mgt-promo-block-content\"><div class=\"mgt-promo-block-content-inside vc_custom_1624353520426\">\n<h4>Bar le duc<\/h4>\n<h2 style=\"text-align: left\">Espace d\u00e9tente et caf\u00e9t\u00e9ria<\/h2>\n<\/div><\/div><\/div>[\/vc_column][vc_column width=\u00a0\u00bb1\/2&Prime;][vc_column_text]La restauration de l&rsquo;AJ Habitat Jeunes c&rsquo;est une cuisine de qualit\u00e9 confectionn\u00e9e sur place avec des produits frais.<br \/>\nOuverture sur l&rsquo;\u00e9xt\u00e9rieur, du lundi au vendredi soir, cette ligne de self propose chaque jour une diversit\u00e9 d&rsquo;entr\u00e9es,<br \/>\nde plats du jour et de desserts.<\/p>\n<p>Heures d&rsquo;ouvertures : du lundi au vendredi de 11h30 \u00e0 13h15<br \/>\nOuverture pour les r\u00e9sidents le soir de 18h45 \u00e0 19h45<br \/>\nPossibilit\u00e9 de prendre des repas \u00e0 emporter.<\/p>\n<p>A proximit\u00e9 du service de restauration, un espace d\u00e9tente\/caf\u00e9t\u00e9ria est \u00e0 votre disposition.[\/vc_column_text][\/vc_column][\/vc_row][vc_row][vc_column][vc_gallery interval=\u00a0\u00bb3&Prime; images=\u00a0\u00bb3574,3573,3572,3581,3249,3250,3701,3702,3703,3704,3705,3706&Prime; img_size=\u00a0\u00bbfull\u00a0\u00bb][\/vc_column][\/vc_row]<\/p>\n","protected":false},"excerpt":{"rendered":"<p>[vc_row][vc_column][\/vc_column][\/vc_row][vc_row css=\u00a0\u00bb.vc_custom_1463499713574{margin-bottom: 10px !important;}\u00a0\u00bb][vc_column width=\u00a0\u00bb1\/2&Prime;][\/vc_column][vc_column width=\u00a0\u00bb1\/2&Prime;][vc_column_text]La restauration de l&rsquo;AJ Habitat Jeunes c&rsquo;est une cuisine de qualit\u00e9 confectionn\u00e9e sur place avec des produits frais. Ouverture sur l&rsquo;\u00e9xt\u00e9rieur, du lundi au vendredi&#8230;<\/p>\n","protected":false},"author":1,"featured_media":0,"parent":0,"menu_order":0,"comment_status":"closed","ping_status":"closed","template":"","meta":{"footnotes":""},"class_list":["post-1428","page","type-page","status-publish","hentry"],"_links":{"self":[{"href":"https:\/\/aj-habitatjeunes.fr\/index.php\/wp-json\/wp\/v2\/pages\/1428","targetHints":{"allow":["GET"]}}],"collection":[{"href":"https:\/\/aj-habitatjeunes.fr\/index.php\/wp-json\/wp\/v2\/pages"}],"about":[{"href":"https:\/\/aj-habitatjeunes.fr\/index.php\/wp-json\/wp\/v2\/types\/page"}],"author":[{"embeddable":true,"href":"https:\/\/aj-habitatjeunes.fr\/index.php\/wp-json\/wp\/v2\/users\/1"}],"replies":[{"embeddable":true,"href":"https:\/\/aj-habitatjeunes.fr\/index.php\/wp-json\/wp\/v2\/comments?post=1428"}],"version-history":[{"count":29,"href":"https:\/\/aj-habitatjeunes.fr\/index.php\/wp-json\/wp\/v2\/pages\/1428\/revisions"}],"predecessor-version":[{"id":3707,"href":"https:\/\/aj-habitatjeunes.fr\/index.php\/wp-json\/wp\/v2\/pages\/1428\/revisions\/3707"}],"wp:attachment":[{"href":"https:\/\/aj-habitatjeunes.fr\/index.php\/wp-json\/wp\/v2\/media?parent=1428"}],"curies":[{"name":"wp","href":"https:\/\/api.w.org\/{rel}","templated":true}]}}

<p>[vc_row][vc_column]<div class="mgt-header-block clearfix text-left text-black wpb_content_element  mgt-header-block-style-1 mgt-header-texttransform-none "><h2 class="mgt-header-block-title">Une restauration de qualité.</h2><div class="mgt-header-line"></div></div>[/vc_column][/vc_row][vc_row css= ».vc_custom_1463499713574{margin-bottom: 10px !important;} »][vc_column width= »1/2&Prime;]<div class="mgt-promo-block white-text text-size-normal no-darken mgt-promo-block-74687184617 wpb_content_element" data-style="background-color: #f5f5f5;background-image: url(https://aj-habitatjeunes.fr/wp-content/uploads/2021/06/buffet-974742_960_720.jpg);background-repeat: repeat;width: 100%; height: 250px;"><div class="mgt-promo-block-content"><div class="mgt-promo-block-content-inside vc_custom_1624353520426">
<h4>Bar le duc</h4>
<h2 style="text-align: left">Espace détente et cafétéria</h2>
</div></div></div>[/vc_column][vc_column width= »1/2&Prime;][vc_column_text]La restauration de l&rsquo;AJ Habitat Jeunes c&rsquo;est une cuisine de qualité confectionnée sur place avec des produits frais.<br />
Ouverture sur l&rsquo;éxtérieur, du lundi au vendredi soir, cette ligne de self propose chaque jour une diversité d&rsquo;entrées,<br />
de plats du jour et de desserts.</p>
<p>Heures d&rsquo;ouvertures : du lundi au vendredi de 11h30 à 13h15<br />
Ouverture pour les résidents le soir de 18h45 à 19h45<br />
Possibilité de prendre des repas à emporter.</p>
<p>A proximité du service de restauration, un espace détente/cafétéria est à votre disposition.[/vc_column_text][/vc_column][/vc_row][vc_row][vc_column][vc_gallery interval= »3&Prime; images= »3574,3573,3572,3581,3249,3250,3701,3702,3703,3704,3705,3706&Prime; img_size= »full »][/vc_column][/vc_row]</p>

<p>[vc_row][vc_column][/vc_column][/vc_row][vc_row css= ».vc_custom_1463499713574{margin-bottom: 10px !important;} »][vc_column width= »1/2&Prime;][/vc_column][vc_column width= »1/2&Prime;][vc_column_text]La restauration de l&rsquo;AJ Habitat Jeunes c&rsquo;est une cuisine de qualité confectionnée sur place avec des produits frais. Ouverture sur l&rsquo;éxtérieur, du lundi au vendredi&#8230;</p>
